 prime factors of 3/(w/21 + -4)?
3, 7
Let b(s) = 39*s - 3. Let y be b(9). Suppose y = -32*g + 36*g. What are the prime factors of g?
3, 29
Let q be ((-48)/(-78))/(-4) + 56/26. Suppose -q*d + 3 + 15 = 0. List the prime factors of d.
3
Let k = -592 - -970. What are the prime factors of k?
2, 3, 7
Suppose -4*p - 12531 = -5*q, -3*q = -4*q - 4*p + 2487. List the prime factors of q.
2503
Let i = -250 - -1923. What are the prime factors of i?
7, 239
Suppose 3*d - p - 2 = 7*d, -d + 5*p + 10 = 0. Let r be d + (-2 - -97) + 1. Suppose r = -s + 4*s. What are the prime factors of s?
2
Let i(d) = 26*d + 99. What are the prime factors of i(6)?
3, 5, 17
Let q be 2/(-4)*(-8 + -20). Let p = 14 + q. Let a = 34 - p. What are the prime factors of a?
2, 3
Let u be (12 - 16) + 116/(-1). What are the prime factors of 72/u - ((-3069)/(-5))/(-3)?
2, 3, 17
Let b be -95*1 + 3 - -3. Let j = b + 49. Let w = j + 58. List the prime factors of w.
2, 3
Suppose 3*g + 76 - 192 = -5*k, 5*g - 60 = -3*k. What are the prime factors of 10/k - (-6690)/25?
2, 67
Let v(d) be the second derivative of -d**5/20 + d**4/6 + 5*d**3/6 - 3*d**2/2 - 2*d. Let k be v(3). Suppose 2*l - k*l + 9 = 0. What are the prime factors of l?
3
Let m = 647 + -29. What are the prime factors of m?
2, 3, 103
Suppose 172*q = 171*q + 234. What are the prime factors of q?
2, 3, 13
Let x(s) = 2*s**3 + 2*s - 2. Let r be x(1). Suppose l - 336 = -r*l. Let d = l + -65. What are the prime factors of d?
47
Let d = 37 + -18. What are the prime factors of (-5)/((-5)/d) - (-1)/(-1)?
2, 3
Let x(d) = 4*d**2 + 3*d + 1. Let c be x(-2). Suppose -k - 2 = -c. List the prime factors of k.
3
Suppose -d = h - 0*h - 352, -1754 = -5*d + h. What are the prime factors of d?
3, 13
Suppose -o - 5*z = -6*z - 2680, 2*z + 2682 = o. List the prime factors of o.
2, 13, 103
Let i = 3525 + -2275. What are the prime factors of i?
2, 5
Let q = -47 - -50. Suppose -4*y + 2*f = -400, q*y + 2*y = -2*f + 491. List the prime factors of y.
3, 11
Let l(n) = 101*n - 17. Let o(h) = -302*h + 49. Let j(g) = -8*l(g) - 3*o(g). What are the prime factors of j(2)?
5, 37
Let y(k) be the third derivative of -k**4/24 - 2*k**3/3 + 4*k**2. Let f be y(8). What are the prime factors of 6/f + (-94)/(-4)?
23
What are the prime factors of 31 - (-2 + (10/(-5))/2)?
2, 17
Let m = 235 - 151. List the prime factors of m.
2, 3, 7
Suppose -f = -0*f + 2*h - 6, -4*f = -4*h. Suppose 0 = -f*z - 0*z + 16. Suppose 0 = z*a - a - 336. What are the prime factors of a?
2, 3
List the prime factors of (-35713)/(-7) + -1 + (-72)/(-63).
2, 2551
Let b(j) = j**3 - 6*j + 20. What are the prime factors of b(6)?
2, 5
Let o(h) = -h + 9. Let l be o(5). Suppose -g + 5*s - 19 = -76, l*g = 3*s + 262. List the prime factors of g.
67
Let y(z) = 0*z + 6*z + z - 5 - z**2. Let x be y(4). List the prime factors of (-8)/10*(2 - x).
2
Let j(x) = x**2 + x - 2. Let i be j(-2). Suppose z - 37 + 16 = i. What are the prime factors of z?
3, 7
Let b(q) = 2609*q**3 - 4*q**2 + 2*q - 3. List the prime factors of b(1).
2, 3, 7, 31
Let g be (1 - (0 - 9/(-6)))*18. Let j = g - -33. What are the prime factors of j?
2, 3
Let o be -8*(-1)/2 - 0. Suppose 0*h - 5*t = -2*h + 165, -o*h = 4*t - 316. What are the prime factors of h?
2, 5
Let f be (118 - 2)/4 + 0. Suppose 2*a = -10, 4*i + f = 3*a - 0*a. Let b(y) = -4*y + 25. What are the prime factors of b(i)?
3, 23
What are the prime factors of (2 - 1)*1910/40*8?
2, 191
Suppose -2*k = 2*k - 28. Let j = k + -2. Suppose 47 = 2*n + o, -j*o + o - 46 = -n. List the prime factors of n.
2, 13
Suppose 5*x + 3*o + 21 = 0, -x - 3*x - 3*o = 15. What are the prime factors of (-21)/(-2)*x/9*-6?
2, 3, 7
Suppose 1 = 2*x - 3, -4*s + 3*x + 14 = 0. Suppose 3*f = o + o - 6, 3*o = -s*f - 29. What are the prime factors of 1*10*(-6)/f?
3, 5
Let z be (1/2*0)/(-2). Let s be 31 + (9/(-3) - z). Let q = 56 - s. What are the prime factors of q?
2, 7
Let l = 23 - 21. Suppose -l*x - 622 = -4*b + x, 775 = 5*b - 5*x. Suppose b = -0*k + 3*k + 5*s, 2*k - 96 = s. What are the prime factors of k?
7
Let f(u) = -17*u + 5. Suppose 2*q + 8 = -0*q. Let g(z) = -z**2 - 4*z - 3. Let j be g(q). What are the prime factors of f(j)?
2, 7
Let t be (8/4 - 0)*8. Let v = t - 8. Suppose 29 = 2*s - 3*p, -4*s - 5*p = -p - v. List the prime factors of s.
7
Suppose -4*d + 3 = -3*d. Suppose 2 = -a, -d*b - 5*a + 40 = 2*b. Suppose x = -t + 15, 0*x - x + 4*t - b = 0. List the prime factors of x.
2, 5
Suppose -3*u + 0*u = 12. Let z be 95/75*3*5. Let a = u + z. What are the prime factors of a?
3, 5
List the prime factors of ((-46)/(-5))/((-10)/(-750)).
2, 3, 5, 23
Let k(x) = -x**3 - 5*x**2 + 2*x - 1. Let q be k(-4). Let h = q - -102. List the prime factors of h.
7, 11
What are the prime factors of 1781 - ((-2)/(-3))/(2/(-6))?
1783
Let w be (15/20)/(2/(-152)). Let k = 236 - w. List the prime factors of k.
293
Let n(q) = -q**3 - 3*q**2 + 4*q - 2. Let v be n(1). List the prime factors of -52*(v/(-8) + -1).
3, 13
Let c(t) = 128*t + 4 - 2 + 2 - 2. Let b be c(1). Suppose -5*k + b - 33 = -j, 4*j = k - 27. What are the prime factors of k?
19
Let x = 23 + -11. Let n(v) = -v + 16. Let z be n(x). List the prime factors of z/(-8) + (-57)/(-6).
3
Let z(l) = l**2 + 3*l + 2. Let y be z(-1). Suppose y = -21*k + 22*k - 73. List the prime factors of k.
73
Let o(t) = 154*t - 99. List the prime factors of o(5).
11, 61
Let p(z) = 10*z + 235. Let y(j) = j. Let x(g) = p(g) - y(g). List the prime factors of x(0).
5, 47
Suppose 2*z + 134 = 4*z - d, 0 = -2*d. Suppose x = -0*x + z. Suppose -x = -5*s + 53. List the prime factors of s.
2, 3
Let o(n) = n**2 + 18*n - 295. List the prime factors of o(-41).
2, 3
Let p(q) be the first derivative of -2*q**3/3 - 17*q**2/2 + 6*q - 7. List the prime factors of p(-8).
2, 7
Let m be 7*(-5)/15*3. Let g = 3 + m. What are the prime factors of g/2 - (-61 + 5)?
2, 3
Let a = 1272 + -467. List the prime factors of a.
5, 7, 23
Suppose 2*j - 123 - 35 = 0. List the prime factors of j.
79
Let h = 253 + 200. What are the prime factors of h?
3, 151
List the prime factors of 175/(-2)*1240/(-50).
2, 5, 7, 31
Let u = 3475 - 997. What are the prime factors of (0 + (-1)/(-3))/(7/u)?
2, 59
Suppose -d = 1 - 5. Suppose 0 = -3*i - 5*t - 9 - 13, d*t = 2*i - 22. What are the prime factors of 21 + -1 + i + 0?
3, 7
Let q(a) = a**3 - 8*a**2 - 9*a - 4. Let k be q(9). List the prime factors of 3 - (-78)/(3 - (-10)/k).
3, 53
Let q(u) = -12*u - 12. Suppose f - 25 = 5*p + 3*f, -5*f + 15 = -3*p. List the prime factors of q(p).
2, 3
Suppose 0 = -2*s + 7*j - 10*j + 1634, 0 = 3*s - 2*j - 2477. List the prime factors of s.
823
Suppose 0 = 3*y + 5*i - 148, -9*y + 201 = -5*y + 3*i. List the prime factors of y.
3, 17
Suppose 1449 = 3*b + q, -3*q - 81 = -b + 412. What are the prime factors of b?
2, 11
Let z(w) = w**3 - 5*w**2 + 2*w - 7. Let a be z(5). Suppose 0 = -a*x + 3*b + 261, 3*b - 36 - 333 = -4*x. What are the prime factors of (-3)/(-5) + 4896/x?
5, 11
Let c(f) = -f**2 + 7*f - 10. Let m = 9 + -3. Let j be c(m). List the prime factors of 4 + (j + -1)*-5.
29
Let o = 12 - 9. Suppose -o*p = -4*p + 4*s + 95, 419 = 4*p - 3*s. Suppose -2*a = 2*n + 3*a - 71, 4*n + 3*a = p. List the prime factors of n.
23
Suppose -q = 4*q - 2610. Let t = q - 352. Suppose 4*y - 6*c + 4*c - t = 0, 188 = 4*y + 4*c. List the prime factors of y.
2, 11
Let d be 1 - (-2)/1 - -1. Suppose -4*v + 6*v = d*u + 564, v - u = 284. What are the prime factors of v?
2, 11, 13
Let z(f) = -f - 3. Let d be z(3). Let o(y) be the third derivative of y**6/120 + 7*y**5/60 + y**4/6 - 7*y**3/6 - y**2. What are the prime factors of o(d)?
5
Let b = -1066 + 3562. List the prime factors of b.
2, 3, 13
Let s(d) = -41*d - 44. What are the prime factors of s(-3)?
79
List the prime factors of 800 - (-4 + 1 - (-1 - 3)).
17, 47
Suppose -4325*m + 5080 = -4320*m. What are the prime factors of m?
2, 127
Let p be (-28)/6*(-18)/21. Let s be (58/(-4))/(p/(-8)). Suppose s = -k + 80. List the prime factors of k.
3, 17
Suppose -8 = -h - 3*b, h - b - 1 = 3*b. Suppose 0 = -2*f - h + 31. What are the prime factors of f?
13
Let v = 12 + -3. Suppose -336 = -5*y - v*y. List the prime factors of y.
2, 3
Let t = 355 - 57. Let o = t + -198. List the prime factors of o.
2, 5
List the prime factors of (-201)/4*(-4 - 4).
2, 3, 67
Let o = -16 - -26. 